{"id":129,"date":"2025-07-26T15:13:11","date_gmt":"2025-07-26T13:13:11","guid":{"rendered":"http:\/\/menu.orzo.pl\/?page_id=129"},"modified":"2026-04-03T15:37:37","modified_gmt":"2026-04-03T13:37:37","slug":"orzo-menu-krakow","status":"publish","type":"page","link":"https:\/\/menu.orzo.pl\/?page_id=129","title":{"rendered":"ORZO MENU KRAK\u00d3W"},"content":{"rendered":"\t\t<div data-elementor-type=\"wp-page\" data-elementor-id=\"129\" class=\"elementor elementor-129\">\n\t\t\t\t<div class=\"elementor-element elementor-element-33c0247 e-flex e-con-boxed wpr-particle-no wpr-jarallax-no wpr-parallax-no wpr-sticky-section-no e-con e-parent\" data-id=\"33c0247\" data-element_type=\"container\">\n\t\t\t\t\t<div class=\"e-con-inner\">\n\t\t\t\t<div class=\"elementor-element elementor-element-78d5db6 elementor-widget elementor-widget-spacer\" data-id=\"78d5db6\" data-element_type=\"widget\" data-widget_type=\"spacer.default\">\n\t\t\t\t\t\t\t<div class=\"elementor-spacer\">\n\t\t\t<div class=\"elementor-spacer-inner\"><\/div>\n\t\t<\/div>\n\t\t\t\t\t\t<\/div>\n\t\t\t\t<div class=\"elementor-element elementor-element-3527029 elementor-widget elementor-widget-heading\" data-id=\"3527029\" data-element_type=\"widget\" data-widget_type=\"heading.default\">\n\t\t\t\t\t<h2 class=\"elementor-heading-title elementor-size-default\">ORZO<\/h2>\t\t\t\t<\/div>\n\t\t\t\t<div class=\"elementor-element elementor-element-c0e9d35 elementor-widget elementor-widget-spacer\" data-id=\"c0e9d35\" data-element_type=\"widget\" data-widget_type=\"spacer.default\">\n\t\t\t\t\t\t\t<div class=\"elementor-spacer\">\n\t\t\t<div class=\"elementor-spacer-inner\"><\/div>\n\t\t<\/div>\n\t\t\t\t\t\t<\/div>\n\t\t\t\t\t<\/div>\n\t\t\t\t<\/div>\n\t\t<div class=\"elementor-element elementor-element-2998403b e-flex e-con-boxed wpr-particle-no wpr-jarallax-no wpr-parallax-no wpr-sticky-section-no e-con e-parent\" data-id=\"2998403b\" data-element_type=\"container\">\n\t\t\t\t\t<div class=\"e-con-inner\">\n\t\t\t\t<div class=\"elementor-element elementor-element-e5e553e elementor-align-center elementor-widget__width-initial elementor-widget elementor-widget-button\" data-id=\"e5e553e\" data-element_type=\"widget\" data-widget_type=\"button.default\">\n\t\t\t\t\t\t\t\t\t\t<a class=\"elementor-button elementor-button-link elementor-size-sm\" href=\"http:\/\/menu.orzo.pl\/?page_id=555\">\n\t\t\t\t\t\t<span class=\"elementor-button-content-wrapper\">\n\t\t\t\t\t\t\t\t\t<span class=\"elementor-button-text\">JEDZENIE \/ NAPOJE MENU<\/span>\n\t\t\t\t\t<\/span>\n\t\t\t\t\t<\/a>\n\t\t\t\t\t\t\t\t<\/div>\n\t\t\t\t<div class=\"elementor-element elementor-element-d85fa89 elementor-align-center elementor-widget__width-initial elementor-widget elementor-widget-button\" data-id=\"d85fa89\" data-element_type=\"widget\" data-widget_type=\"button.default\">\n\t\t\t\t\t\t\t\t\t\t<a class=\"elementor-button elementor-button-link elementor-size-sm\" href=\"http:\/\/menu.orzo.pl\/?page_id=554\">\n\t\t\t\t\t\t<span class=\"elementor-button-content-wrapper\">\n\t\t\t\t\t\t\t\t\t<span class=\"elementor-button-text\">ENGLISH FOOD \/ DRINKS MENU<\/span>\n\t\t\t\t\t<\/span>\n\t\t\t\t\t<\/a>\n\t\t\t\t\t\t\t\t<\/div>\n\t\t\t\t<div class=\"elementor-element elementor-element-d99a6cf elementor-align-center elementor-widget__width-initial elementor-widget elementor-widget-button\" data-id=\"d99a6cf\" data-element_type=\"widget\" data-widget_type=\"button.default\">\n\t\t\t\t\t\t\t\t\t\t<a class=\"elementor-button elementor-button-link elementor-size-sm\" href=\"http:\/\/menu.orzo.pl\/?page_id=225\">\n\t\t\t\t\t\t<span class=\"elementor-button-content-wrapper\">\n\t\t\t\t\t\t\t\t\t<span class=\"elementor-button-text\">MENU BAROWE 18 +<\/span>\n\t\t\t\t\t<\/span>\n\t\t\t\t\t<\/a>\n\t\t\t\t\t\t\t\t<\/div>\n\t\t\t\t<div class=\"elementor-element elementor-element-1d9936f elementor-align-center elementor-widget__width-initial elementor-widget elementor-widget-button\" data-id=\"1d9936f\" data-element_type=\"widget\" data-widget_type=\"button.default\">\n\t\t\t\t\t\t\t\t\t\t<a class=\"elementor-button elementor-button-link elementor-size-sm\" href=\"http:\/\/menu.orzo.pl\/?page_id=233\">\n\t\t\t\t\t\t<span class=\"elementor-button-content-wrapper\">\n\t\t\t\t\t\t\t\t\t<span class=\"elementor-button-text\">ENGLISH BAR MENU 18 +<\/span>\n\t\t\t\t\t<\/span>\n\t\t\t\t\t<\/a>\n\t\t\t\t\t\t\t\t<\/div>\n\t\t\t\t<div class=\"elementor-element elementor-element-e3c8510 elementor-widget elementor-widget-text-editor\" data-id=\"e3c8510\" data-element_type=\"widget\" data-widget_type=\"text-editor.default\">\n\t\t\t\t\t\t\t\t\t<p data-start=\"64\" data-end=\"221\">Drodzy Go\u015bcie,<br data-start=\"93\" data-end=\"96\">dla grup licz\u0105cych 5 i wi\u0119cej os\u00f3b prowadzimy wsp\u00f3ln\u0105 p\u0142atno\u015b\u0107<br data-start=\"158\" data-end=\"161\">oraz do rachunku doliczamy op\u0142at\u0119 serwisow\u0105 w wysoko\u015bci 12.5%<\/p>\n<p data-start=\"64\" data-end=\"221\">Dear Guests,<br data-start=\"253\" data-end=\"256\">for groups of 5 or more, we offer a single bill only<br data-start=\"308\" data-end=\"311\">and a 12.5% service charge will be added to the total amount.<\/p>\t\t\t\t\t\t\t\t<\/div>\n\t\t\t\t\t<\/div>\n\t\t\t\t<\/div>\n\t\t\t\t<\/div>\n\t\t","protected":false},"excerpt":{"rendered":"<p>ORZO JEDZENIE \/ NAPOJE MENU ENGLISH FOOD \/ DRINKS MENU MENU BAROWE 18 + ENGLISH BAR MENU 18 + Drodzy Go\u015bcie,dla grup licz\u0105cych 5 i wi\u0119cej os\u00f3b prowadzimy wsp\u00f3ln\u0105 p\u0142atno\u015b\u0107oraz do rachunku doliczamy op\u0142at\u0119 serwisow\u0105 w wysoko\u015bci 12.5% Dear Guests,for groups of 5 or more, we offer a single bill onlyand a 12.5% service charge will be added to the total amount.<\/p>\n","protected":false},"author":1,"featured_media":0,"parent":0,"menu_order":0,"comment_status":"closed","ping_status":"closed","template":"","meta":{"footnotes":""},"class_list":["post-129","page","type-page","status-publish","hentry"],"yoast_head":"<!-- This site is optimized with the Yoast SEO plugin v25.6 - https:\/\/yoast.com\/wordpress\/plugins\/seo\/ -->\n<title>ORZO MENU KRAK\u00d3W -<\/title>\n<meta name=\"robots\" content=\"index, follow, max-snippet:-1, max-image-preview:large, max-video-preview:-1\" \/>\n<link rel=\"canonical\" href=\"https:\/\/menu.orzo.pl\/?page_id=129\" \/>\n<meta property=\"og:locale\" content=\"pl_PL\" \/>\n<meta property=\"og:type\" content=\"article\" \/>\n<meta property=\"og:title\" content=\"ORZO MENU KRAK\u00d3W -\" \/>\n<meta property=\"og:description\" content=\"ORZO JEDZENIE \/ NAPOJE MENU ENGLISH FOOD \/ DRINKS MENU MENU BAROWE 18 + ENGLISH BAR MENU 18 + Drodzy Go\u015bcie,dla grup licz\u0105cych 5 i wi\u0119cej os\u00f3b prowadzimy wsp\u00f3ln\u0105 p\u0142atno\u015b\u0107oraz do rachunku doliczamy op\u0142at\u0119 serwisow\u0105 w wysoko\u015bci 12.5% Dear Guests,for groups of 5 or more, we offer a single bill onlyand a 12.5% service charge will be added to the total amount.\" \/>\n<meta property=\"og:url\" content=\"https:\/\/menu.orzo.pl\/?page_id=129\" \/>\n<meta property=\"article:modified_time\" content=\"2026-04-03T13:37:37+00:00\" \/>\n<meta name=\"twitter:card\" content=\"summary_large_image\" \/>\n<meta name=\"twitter:label1\" content=\"Szacowany czas czytania\" \/>\n\t<meta name=\"twitter:data1\" content=\"1 minuta\" \/>\n<script type=\"application\/ld+json\" class=\"yoast-schema-graph\">{\"@context\":\"https:\/\/schema.org\",\"@graph\":[{\"@type\":\"WebPage\",\"@id\":\"https:\/\/menu.orzo.pl\/?page_id=129\",\"url\":\"https:\/\/menu.orzo.pl\/?page_id=129\",\"name\":\"ORZO MENU KRAK\u00d3W -\",\"isPartOf\":{\"@id\":\"https:\/\/menu.orzo.pl\/#website\"},\"datePublished\":\"2025-07-26T13:13:11+00:00\",\"dateModified\":\"2026-04-03T13:37:37+00:00\",\"breadcrumb\":{\"@id\":\"https:\/\/menu.orzo.pl\/?page_id=129#breadcrumb\"},\"inLanguage\":\"pl-PL\",\"potentialAction\":[{\"@type\":\"ReadAction\",\"target\":[\"https:\/\/menu.orzo.pl\/?page_id=129\"]}]},{\"@type\":\"BreadcrumbList\",\"@id\":\"https:\/\/menu.orzo.pl\/?page_id=129#breadcrumb\",\"itemListElement\":[{\"@type\":\"ListItem\",\"position\":1,\"name\":\"Home\",\"item\":\"https:\/\/menu.orzo.pl\/\"},{\"@type\":\"ListItem\",\"position\":2,\"name\":\"ORZO MENU KRAK\u00d3W\"}]},{\"@type\":\"WebSite\",\"@id\":\"https:\/\/menu.orzo.pl\/#website\",\"url\":\"https:\/\/menu.orzo.pl\/\",\"name\":\"\",\"description\":\"\",\"potentialAction\":[{\"@type\":\"SearchAction\",\"target\":{\"@type\":\"EntryPoint\",\"urlTemplate\":\"https:\/\/menu.orzo.pl\/?s={search_term_string}\"},\"query-input\":{\"@type\":\"PropertyValueSpecification\",\"valueRequired\":true,\"valueName\":\"search_term_string\"}}],\"inLanguage\":\"pl-PL\"}]}<\/script>\n<!-- \/ Yoast SEO plugin. -->","yoast_head_json":{"title":"ORZO MENU KRAK\u00d3W -","robots":{"index":"index","follow":"follow","max-snippet":"max-snippet:-1","max-image-preview":"max-image-preview:large","max-video-preview":"max-video-preview:-1"},"canonical":"https:\/\/menu.orzo.pl\/?page_id=129","og_locale":"pl_PL","og_type":"article","og_title":"ORZO MENU KRAK\u00d3W -","og_description":"ORZO JEDZENIE \/ NAPOJE MENU ENGLISH FOOD \/ DRINKS MENU MENU BAROWE 18 + ENGLISH BAR MENU 18 + Drodzy Go\u015bcie,dla grup licz\u0105cych 5 i wi\u0119cej os\u00f3b prowadzimy wsp\u00f3ln\u0105 p\u0142atno\u015b\u0107oraz do rachunku doliczamy op\u0142at\u0119 serwisow\u0105 w wysoko\u015bci 12.5% Dear Guests,for groups of 5 or more, we offer a single bill onlyand a 12.5% service charge will be added to the total amount.","og_url":"https:\/\/menu.orzo.pl\/?page_id=129","article_modified_time":"2026-04-03T13:37:37+00:00","twitter_card":"summary_large_image","twitter_misc":{"Szacowany czas czytania":"1 minuta"},"schema":{"@context":"https:\/\/schema.org","@graph":[{"@type":"WebPage","@id":"https:\/\/menu.orzo.pl\/?page_id=129","url":"https:\/\/menu.orzo.pl\/?page_id=129","name":"ORZO MENU KRAK\u00d3W -","isPartOf":{"@id":"https:\/\/menu.orzo.pl\/#website"},"datePublished":"2025-07-26T13:13:11+00:00","dateModified":"2026-04-03T13:37:37+00:00","breadcrumb":{"@id":"https:\/\/menu.orzo.pl\/?page_id=129#breadcrumb"},"inLanguage":"pl-PL","potentialAction":[{"@type":"ReadAction","target":["https:\/\/menu.orzo.pl\/?page_id=129"]}]},{"@type":"BreadcrumbList","@id":"https:\/\/menu.orzo.pl\/?page_id=129#breadcrumb","itemListElement":[{"@type":"ListItem","position":1,"name":"Home","item":"https:\/\/menu.orzo.pl\/"},{"@type":"ListItem","position":2,"name":"ORZO MENU KRAK\u00d3W"}]},{"@type":"WebSite","@id":"https:\/\/menu.orzo.pl\/#website","url":"https:\/\/menu.orzo.pl\/","name":"","description":"","potentialAction":[{"@type":"SearchAction","target":{"@type":"EntryPoint","urlTemplate":"https:\/\/menu.orzo.pl\/?s={search_term_string}"},"query-input":{"@type":"PropertyValueSpecification","valueRequired":true,"valueName":"search_term_string"}}],"inLanguage":"pl-PL"}]}},"_links":{"self":[{"href":"https:\/\/menu.orzo.pl\/index.php?rest_route=\/wp\/v2\/pages\/129","targetHints":{"allow":["GET"]}}],"collection":[{"href":"https:\/\/menu.orzo.pl\/index.php?rest_route=\/wp\/v2\/pages"}],"about":[{"href":"https:\/\/menu.orzo.pl\/index.php?rest_route=\/wp\/v2\/types\/page"}],"author":[{"embeddable":true,"href":"https:\/\/menu.orzo.pl\/index.php?rest_route=\/wp\/v2\/users\/1"}],"replies":[{"embeddable":true,"href":"https:\/\/menu.orzo.pl\/index.php?rest_route=%2Fwp%2Fv2%2Fcomments&post=129"}],"version-history":[{"count":37,"href":"https:\/\/menu.orzo.pl\/index.php?rest_route=\/wp\/v2\/pages\/129\/revisions"}],"predecessor-version":[{"id":2923,"href":"https:\/\/menu.orzo.pl\/index.php?rest_route=\/wp\/v2\/pages\/129\/revisions\/2923"}],"wp:attachment":[{"href":"https:\/\/menu.orzo.pl\/index.php?rest_route=%2Fwp%2Fv2%2Fmedia&parent=129"}],"curies":[{"name":"wp","href":"https:\/\/api.w.org\/{rel}","templated":true}]}}